16, what is 9055af1 + 1?
9055af2
In base 7, what is 3 - 1522535?
-1522532
In base 6, what is 24 - -4002110124?
4002110152
In base 12, what is 13 + -397811?
-3977ba
In base 12, what is 2362a086 + 9?
2362a093
In base 2, what is -100011110000100011 + -1010101?
-100011110001111000
In base 7, what is -3 - 214116126?
-214116132
In base 9, what is 84 - -8170778?
8170873
In base 14, what is -69c8 + 72b?
-629b
In base 16, what is -279a23 - 1?
-279a24
In base 15, what is -65 - -5b518?
5b4a3
In base 11, what is 966435a - -30?
966438a
In base 15, what is 54db0 - -a?
54dba
In base 15, what is -22c + a619?
a3dc
In base 15, what is -195400 - 7?
-195407
In base 6, what is 10445402 + -21300?
10424102
In base 12, what is 0 - 26880378?
-26880378
In base 12, what is 1711 + -127ab?
-1109a
In base 2, what is -1000101111110101111111011 - 1?
-1000101111110101111111100
In base 6, what is 13 + 120102012?
120102025
In base 7, what is -154 + -4243503?
-4243660
In base 12, what is -1b5 - -3b1483?
3b128a
In base 5, what is 423430 - -1122334?
2101314
In base 4, what is 132022130 - -133020?
132221210
In base 2, what is 101 + 11000011100101101011101100?
11000011100101101011110001
In base 2, what is -100 - 10100001000010001111011001?
-10100001000010001111011101
In base 16, what is -62321b + 47?
-6231d4
In base 7, what is -1102356 + 250?
-1102106
In base 10, what is -335 + -48493?
-48828
In base 15, what is -9 + -10dea9?
-10deb3
In base 14, what is 34a1 - 127?
3378
In base 4, what is -132230 + -21203233?
-22002123
In base 9, what is 15402431 + 3?
15402434
In base 12, what is -7a7273 - 5?
-7a7278
In base 14, what is 28 - -aaa60?
aaa88
In base 13, what is -ba17 - a380?
-19097
In base 10, what is 11154625 - 0?
11154625
In base 10, what is -904769 + 17?
-904752
In base 3, what is -1 + 1112101222112?
1112101222111
In base 9, what is 2 - 10718254?
-10718252
In base 13, what is 15667 - -37c4?
1915b
In base 9, what is 640184 - -145?
640340
In base 8, what is -57133 - -6207?
-50724
In base 10, what is -2 - 11437359?
-11437361
In base 16, what is 4 + -14f48a3?
-14f489f
In base 5, what is 44 - 123333101?
-123333002
In base 9, what is 146706 - -73?
146780
In base 11, what is 173 + 72a1?
7464
In base 13, what is 0 - 18c15783?
-18c15783
In base 16, what is 48be5 + 24b?
48e30
In base 12, what is -12 + 283449?
283437
In base 2, what is -1010100000100 - 11100101101?
-1110000110001
In base 14, what is d007d + -19?
d0064
In base 2, what is -1 + -1011101011111001000001111?
-1011101011111001000010000
In base 11, what is 4 + -8789972?
-8789969
In base 6, what is -14010 - 2040152?
-2054202
In base 3, what is -2000111022 - 10100?
-2000121122
In base 16, what is 0 + 4eb48?
4eb48
In base 4, what is 133002220 + -3313000?
123023220
In base 10, what is -374971 + -12?
-374983
In base 12, what is 7b + -77236?
-77177
In base 3, what is 212100210101202 - 10?
212100210101122
In base 6, what is 3252 + -155450?
-152154
In base 6, what is -32352313 + -20?
-32352333
In base 5, what is 20 - -4023234022?
4023234042
In base 11, what is -499 - 592571?
-592a5a
In base 7, what is 1 + -1033052022?
-1033052021
In base 16, what is 4aa65 - b?
4aa5a
In base 15, what is -2c3b - 21?
-2c5c
In base 16, what is -6038c + -714?
-60aa0
In base 9, what is 18742 + -5312?
13430
In base 13, what is 1b5296c - 5?
1b52967
In base 2, what is 100111 - 10000101001101010110110?
-10000101001101010001111
In base 6, what is 11314 + 25521?
41235
In base 13, what is -362b035 - 18?
-362b050
In base 14, what is -51 - a629?
-a67a
In base 2, what is -10100100101111011000100 + 11?
-10100100101111011000001
In base 6, what is 5 + -31523204?
-31523155
In base 5, what is 32114 + -2224334?
-2142220
In base 8, what is 671640 - 5?
671633
In base 11, what is 1554a44 - -10?
1554a54
In base 16, what is 20 + b61ea4?
b61ec4
In base 9, what is -1843138441 - -3?
-1843138437
In base 15, what is -29819 - 2d9?
-29b03
In base 4, what is 1033212300 + 1221?
1033220121
In base 6, what is -11005 + -2144250?
-2155255
In base 8, what is 322173 + 114?
322307
In base 11, what is -2047 + 34347?
32300
In base 16, what is -55104 - 12?
-55116
In base 6, what is 4332545 + -22?
4332523
In base 13, what is -5 - -22a5c32?
22a5c2a
In base 8, what is -616315 + 1053?
-615242
In base 11, what is -226285 + 5?
-226280
In base 13, what is -a70 - 46399?
-47139
In base 3, what is -11200002211 + -10212112?
-11210222100
In base 15, what is -216 + -14a85?
-14c9b
In base 7, what is 34141055 - -3?
34141061
In base 13, what is 40a4 + 109ca?
14aa1
In base 14, what is -1899c54 + 0?
-1899c54
In base 2, what is -10110010000000101101101101 - -11?
-10110010000000101101101010
In base 6, what is 30014 + -2541011?
-2510553
In base 13, what is -35c4 + 10ac6?
a502
In base 16, what is 9 - -436e5ea?
436e5f3
In base 4, what is -223330032 - 1121?
-223331213
In base 8, what is -165206546 + 4?
-165206542
In base 9, what is 54 + 22730?
22784
In base 3, what is -111221 - -100121212?
100002221
In base 3, what is 122021101001220 + -2111?
122021100222102
In base 5, what is 10 + 2121312333?
2121312343
In base 6, what is -10210234034 + -1?
-10210234035
In base 4, what is -1231102302323 + -130?
-1231102303113
In base 2, what is 1010100000111001000011110010 + 10?
1010100000111001000011110100
In base 16, what is -39d81321 - -4?
-39d8131d
In base 5, what is -12222 + -1002022?
-1014244
In base 15, what is c13bc + 165?
c1532
In base 12, what is -149390 - -137?
-149255
In base 14, what is -1c6b88 - 13?
-1c6b9b
In base 5, what is 241400443 - 21?
241400422
In base 13, what is -1 + -357c8614?
-357c8615
In base 7, what is 3356212 + -4001?
3352211
In base 15, what is -1420d4 + 43?
-142091
In base 15, what is 3216e + -4?
3216a
In base 13, what is 42b4b03 + 1?
42b4b04
In base 12, what is -5 + -22394241?
-22394246
In base 9, what is 1430 - -33746?
35276
In base 7, what is -3231 + -325641?
-332202
In base 5, what is -13031 - -220131434?
220113403
In base 10, what is 18 - -714181?
714199
In base 15, what is 120a - b29?
5d1
In base 12, what is 786 - 75b5?
-6a2b
In base 12, what is 5a4 + 2325?
2909
In base 2, what is 11011011100 + 110100101010111?
111000000110011
In base 4, what is 13331231 + 2331?
20000222
In base 6, what is 4 - -23225035250?
23225035254
In base 13, what is -160bab195 - 4?
-160bab199
In base 14, what is 1c2d795 - -2?
1c2d797
In base 4, what is 21222000031 - -11111?
21222011202
In base 15, what is -1a - 9d7413?
-9d742d
In base 15, what is 1d97 + 5aa?
2452
In base 3, what is 12 - 1001002122202001?
-1001002122201212
In base 7, what is 503253603 + 1?
503253604
In base 7, what is 145023144 - 0?
145023144
In base 9, what is -13 - -887405?
887382
In base 4, what is -12 - 103102300011?
-103102300023
In base 13, what is -37701 - 59?
-3775a
In base 2, what is 1001100110101000101 + 10010000?
1001100110111010101
In base 10, what is -4141784 - 5?
-4141789
In base 8, what is -4105373 - -341?
-4105032
In base 12, what is -2b7010 - -3?
-2b7009
In base 13, what is 5851360 - -4?
5851364
In base 8, what is -43716432 - 3?
-43716435
In base 9, what is 4 + 487001?
487005
In base 5, what is 11231 - 40231443?
-40220212
In base 8, what is 10 - -552500437?
552500447
In base 2, what is -111000010101 - 1000100110001?
-1111101000110
In base 9, what is -3 - -78622250?
78622246
In base 15, what is c9 + -2e7a?
-2da1
In base 11, what is -6893 + -2372?
-9155
In base 15, what is -6c3cbc - -3?
-6c3cb9
In base 13, what is -1bb925 + -339?
-1bbc61
In base 4, what is 30 - -323123132230?
323123132320
In base 2, what is -11011100001101001111000 + -10100?
-11011100001101010001100
In base 8, what is 1073706475 - -3?
1073706500
In base 13, what is 1 - -ba9b44?
ba9b45
In base 4, what is -11 - 30210230030?
-30210230101
In base 14, what is -3 - 1378326?
-1378329
In base 15, what is -726e + -4b?
-72ba
In base 6, what is -15512512204 - 2?
-15512512210
In base 12, what is -4 + 1b078627?
1b078623
In base 14, what is -1 - -9dccc2?
9dccc1
In base 5, what is -4431424 - -1403?
-4430021
In base 11, what is 2912129 - -3?
2912131
In base 3, what is 20 + -100201021110012120?
-100201021110012100
In base 7, what is -230 - -260244?
260014
In base 8, what is 3073142732 - 4?
3073142726
In base 8, what is 5627046 - 20?
5627026
In base 9, what is -7154 - 1234?
-8388
In base 9, what is -1